 45 = -3*y, 3*y = 3*u + y - r. List the prime factors of u.
11
Suppose -f = -0*f - 30. List the prime factors of f.
2, 3, 5
Suppose 0 = 5*p - 43 + 223. What are the prime factors of (6/(-9))/(2/p)?
2, 3
Let l = 67 - -49. Let b = -72 + l. List the prime factors of b.
2, 11
Let f(q) = 119*q - 1. Let j be f(1). Let k be (j + 2)*9/12. Suppose 20 = 5*y, 6*y - y = -5*i + k. List the prime factors of i.
2, 7
Let m(y) = -y**3 + 2*y**2 + 3*y + 3. Suppose -2*z + 4 = -2. Let r be m(z). Suppose r*w - 38 = -4*j, 4*j = 2*j + 4. List the prime factors of w.
2, 5
Let x = 9 + -4. Suppose -x*i + 24 = -61. What are the prime factors of i?
17
Let y = 225 + -180. What are the prime factors of y?
3, 5
Suppose -5*z - 158 = -2*t + t, 3*z - 540 = -4*t. What are the prime factors of t?
2, 3, 23
Let p(i) = -i**3 - 2*i**2 - 2. Let q be p(-3). Let o = q - -3. What are the prime factors of o?
2, 5
Suppose 8*h - 4*h - 712 = 5*d, -4*h = 3*d - 680. List the prime factors of h.
173
Suppose 7*z + 2*h - 460 = 3*z, 0 = 2*h. List the prime factors of z.
5, 23
Let q = -7 + 11. Suppose -5*f + 2*f - 5*c = 10, -q = f + 2*c. Suppose f*b - 4*b + 24 = 0. What are the prime factors of b?
2, 3
Let m(i) = -i + 9. Let h be m(9). Let z(k) = k**2 + 2*k - 3. Let x be z(2). What are the prime factors of h/(-4) + x*1?
5
Suppose 3*o - 4*a - 83 = 0, -3*a + 0 = 6. List the prime factors of o.
5
Let h = 16 + 24. List the prime factors of h.
2, 5
Suppose 5*v + 12 = i, -i - 2*i + 17 = 4*v. Suppose -i*p + 5*p + 34 = 0. What are the prime factors of p?
17
Suppose 0 = 5*h + 8 - 68. Let o = 23 - h. What are the prime factors of o?
11
Let x(l) = l**3 + l**2 - l + 10. List the prime factors of x(0).
2, 5
Let w(u) = u**3 - 4*u**2 - 8*u. Let t be w(6). Suppose 0*b - 2*i = -5*b + 12, 2*b - 4 = i. Suppose -b*p = -p - t. What are the prime factors of p?
2
Suppose 6 = -i + 55. List the prime factors of i.
7
Let l(p) = p**3 - 11*p**2 - 10*p - 16. Suppose 3*y + 0*y - 36 = 0. What are the prime factors of l(y)?
2
Let o(i) = -2*i + 5*i - 4*i. What are the prime factors of o(-8)?
2
Let q be (0 - 0) + 16 + -2. Let n = 5 - q. What are the prime factors of (n/(-4))/(6/32)?
2, 3
Suppose f + 6 = 17. Let y = -9 + f. What are the prime factors of y?
2
Suppose 3*u - 17 - 13 = 0. Suppose 26 + u = 4*i. List the prime factors of i.
3
Suppose 3*r - 353 = -4*l, -l + 4*r + 7 = -86. What are the prime factors of l?
89
Let s be (-5)/10 - (-1)/2. Suppose -4*p + 8 + 12 = s. Suppose 4*t = 2*v - 18, 4*t = -p*v + 59 - 14. What are the prime factors of v?
3
Let n be -3 - 1*10/(-1). Suppose 4*s + 27 = n*s. List the prime factors of s.
3
Let p(s) = s**3 + 4*s**2 - s. Let y(o) = o**3 + o**2. Let b be y(-1). Suppose -4*f - 12 = -b*f. List the prime factors of p(f).
2, 3
Let h(m) be the second derivative of -m**5/20 + 5*m**4/12 + m**3/6 + m**2/2 + m. What are the prime factors of h(5)?
2, 3
List the prime factors of (-4)/((-12)/117) - -4.
43
Let c(i) = 2*i**2 - 1. Let j be c(-1). Suppose -3*h + 26 = -j. What are the prime factors of h?
3
Let s(y) = y**3 + 6*y**2 + 4*y + 5. Let k be s(-6). Let o = k + 28. Suppose 4*z + o = -r + 41, r + 5*z - 37 = 0. What are the prime factors of r?
2, 3
Let o(t) = 4*t**3 - 2*t**2 + 1. Let f = 0 - -1. Let g be o(f). List the prime factors of 2/g*132/8.
11
Suppose 5*d - 37 = 63. What are the prime factors of d?
2, 5
Let q(y) = -91*y**3 - 2*y - 3. List the prime factors of q(-1).
2, 3, 5
Let n be (-44)/(-12) + 2/6. Suppose -4*k + 4*z + 88 = -0*k, k = n*z + 13. List the prime factors of k.
5
Suppose -2*i + 4 = 22. Suppose o = l + 8, -5*l + 0*o = 2*o + 68. What are the prime factors of l*(i/(-2))/(-3)?
2, 3
Let y(o) = o**3 - 9*o**2 + 12*o - 20. List the prime factors of y(10).
2, 5
List the prime factors of 5/(-2)*64/(-20).
2
Let p(g) = -g**2 + 6*g + 4. Let f be p(6). Suppose -9 = -3*a + 3*c, 4*a - f*c = -3*c + 9. Suppose -a*h + 0*h + 14 = 0. What are the prime factors of h?
7
Let h(r) = -r**2 - 4*r + 5. Let g be h(-5). Suppose 0 = -g*j - 2*j + 20. List the prime factors of j.
2, 5
Let p = -4 + 16. Suppose -5*c - 2 = -p. List the prime factors of c.
2
Suppose p - 3*s - 34 = 0, -3 - 9 = 3*s. List the prime factors of p.
2, 11
Let k be (-2)/(-3) + 5/(-3). Let w be (4 + k)*(0 + -1). Let g(c) = c**2 - c. What are the prime factors of g(w)?
2, 3
Let r(d) = -d + 13. Let v be r(-9). Let k = 36 - v. Let u = -2 + k. List the prime factors of u.
2, 3
List the prime factors of (-4)/6 - 250/(-15).
2
Let m(j) = 2*j + 1. Let r be m(3). Let k = r + -19. Let w = -4 - k. What are the prime factors of w?
2
Let g(f) be the third derivative of -f**4/24 + f**3/2 - f**2. What are the prime factors of g(-3)?
2, 3
Suppose 0*c + 2*c - 100 = 0. What are the prime factors of c?
2, 5
Let z(x) = -x**3 - 12*x**2 - 14*x - 13. What are the prime factors of z(-11)?
2, 5
Let m(f) = 2*f**2 - 5*f - 10. What are the prime factors of m(5)?
3, 5
Let w(m) = -m**3 + 3*m**2 - m. Let f be w(2). Let j be f/4 - 23/2. Let c = -8 - j. List the prime factors of c.
3
Let q(a) = -a**3 - 3*a**2 + 4*a + 3. List the prime factors of q(-5).
3, 11
Let k be 2 - 2/1 - -9. Let x = -2 - -22. Let s = x - k. List the prime factors of s.
11
Suppose 0 = 3*x - 479 - 244. What are the prime factors of x?
241
What are the prime factors of 20/(-4*(-4)/32)?
2, 5
Let v(g) = -g**3 + g**2 - g + 11. What are the prime factors of v(0)?
11
Suppose 0 = o - 56. Suppose -12 = 4*k - o. What are the prime factors of k?
11
Let r = 1 + 2. Suppose -15 = r*x, -c + 4*x + 17 = -9. Suppose -2*j - 12 = -c*j. List the prime factors of j.
3
Suppose 0*f - 55 = -z - 4*f, -2*z = -f - 74. List the prime factors of z.
3, 13
Let c = 99 - -115. List the prime factors of c.
2, 107
Suppose -2 = -4*w + 26. What are the prime factors of w?
7
Let i be 0 - (-18 + 4/2). Suppose o + i = 3*o. List the prime factors of o.
2
Let b(a) = 2*a**2 + a + 4. List the prime factors of b(-5).
7
List the prime factors of (-16)/(-6)*(-150)/(-20).
2, 5
Let o = -9 + 4. Let c = o + 15. List the prime factors of c.
2, 5
Let w(l) be the third derivative of -5*l**4/24 + 2*l**2. List the prime factors of w(-1).
5
Suppose 4*u + 3*q = -6 + 249, 62 = u + 2*q. Suppose 3*y + y = u. What are the prime factors of ((-36)/y)/(6/(-20))?
2
Let n(p) = p + 8. Let q be n(-6). Suppose 3*m + q*a - 4 = 0, 7*a + 4 = 3*a. List the prime factors of m/(-1)*6/(-4).
3
Let v be 3 + 2 + 0/4. Suppose -v*n = -29 - 6. List the prime factors of n.
7
Let v be (-1 - -2) + -6 + (-2 - 0). Suppose -5*p - 61 = 3*k, -3*p + k - 38 = -7. Let u = v - p. What are the prime factors of u?
2
Let c be (8/5)/(2/5). Suppose -n + 25 = c*n. What are the prime factors of n?
5
Suppose -3*l + 104 = -l. List the prime factors of l.
2, 13
Let k(f) = f**3 - 11*f**2 + 8*f - 13. List the prime factors of k(11).
3, 5
Let f = 45 - 11. Suppose -16 - f = -5*s. List the prime factors of s.
2, 5
List the prime factors of (-10)/1*-1*2.
2, 5
Let x(i) = i - 2. Let o be x(6). Suppose 5*h = o*b + 36, 3*b = 5*h + b - 28. Suppose -n + h + 2 = 0. What are the prime factors of n?
2, 3
Let c(j) = j**3 - 6*j**2 + 6*j - 5. Let k be c(4). Let q be k - (-2)/2*1. What are the prime factors of ((-1)/(-2))/((-1)/q)?
2, 3
Let t(h) = h**3 + 6*h**2 + 4*h - 7. Let w be 5/(2 + -1 + -2). Let r be t(w). What are the prime factors of (-1 - r) + -2 + 12?
11
Let b be 0 + (-1 + 0 - 3). List the prime factors of b/(8/(-6))*2.
2, 3
Let m(i) = 4 - i + i + i + i**2 - 2*i. Let n be m(0). What are the prime factors of (n - 1) + 1 + 4?
2
Let y = 11 + -6. Let g = 8 - y. Suppose 4*m + 3*x - 37 = 0, -2*m - g*m - x + 38 = 0. List the prime factors of m.
7
Let l(v) = v**2 - 5*v - 6. Let g = -11 - -18. What are the prime factors of l(g)?
2
Let b = -139 + 254. List the prime factors of b.
5, 23
Suppose 3*g - 27 = 2*g. Suppose -g = -2*w + 3*a, -2*a - a - 36 = -3*w. List the prime factors of w.
3
Suppose 3*z + 4*p = 35, 2*z - 5 = 4*z - 3*p. Let g(j) = -3 + 1 - 2 + j**2 + z. List the prime factors of g(-2).
5
Let w be (-38)/(-6) - 7/21. Suppose -i + w - 1 = 3*z, -4 = -4*z - 2*i. List the prime factors of z.
3
Suppose 26 - 6 = 5*i. Suppose -i*w + 59 = -69. List the prime factors of (-6)/(-27) + w/18.
2
Suppose -4*l + 2*c = -c - 341, -5*c = -5. List the prime factors of l.
2, 43
Suppose -720 + 100 = -4*r. What are the prime factors of r?
5, 3